 s?
25
Suppose -2249*v = -2247*v - 70. Let k(h) = -h**3 + h**2 + h + 102. Calculate the remainder when k(0) is divided by v.
32
Let k(s) be the third derivative of s**4/24 + 8*s**3/3 + s**2. Let t be k(-16). Suppose t = 5*j - 71 - 4. Calculate the remainder when j is divided by 9.
6
Let h = -34 - -56. Suppose -2*d + 461 + 103 = 3*y, -5*d + 4*y = -1387. Suppose -6*r + 225 = -d. What is the remainder when r is divided by h?
18
Suppose 3*w = -y - 65, -3*w + 4*w - 4*y = 0. Let i = w + 25. Calculate the remainder when i is divided by 5.
0
Calculate the remainder when 123 is divided by -8*(-1)/(-3)*459/(-36).
21
Let y(i) = i**3 + 9*i**2 - 2*i - 9. Suppose -t - 77 = 3*t - 5*r, -t + 4*r = 22. Let g = t - -9. What is the remainder when 44 is divided by y(g)?
8
Suppose 7*k - 30 + 2 = 0. Suppose 0 = k*p - 6 + 22, 0 = -4*r + 2*p + 76. What is the remainder when 32 is divided by r?
15
Suppose -11 = 281*q - 139*q - 143*q. Let x(t) = -11*t - 6. What is the remainder when x(-4) is divided by q?
5
Suppose -3*t + 34 = 5*n - 189, -t + 3*n = -79. Let k = t - 68. What is the remainder when 29 is divided by k?
5
Let m be (-64)/(-11) + 2/11. Let b = m + -5. Suppose r = -2*g + 2, -6 = -0*r - 3*r + 3*g. What is the remainder when r is divided by b?
0
Let m be (3 + -6 - (4 - 7))/2. Calculate the remainder when (-4 - (-1 + m)) + (23 - -1) is divided by 8.
5
Let a = 2 - 6. Let h be 9/6 - (-6)/a. Suppose h = -b + 4 + 3. Calculate the remainder when 19 is divided by b.
5
Let w be 0*(0 - (-5)/(-20)). Let h(v) = v + 19. Calculate the remainder when 54 is divided by h(w).
16
Let w be (2 - (-5 - -9)) + -32 + -2. Let k = w + 46. What is the remainder when 36 is divided by k?
6
Suppose -53*n = 41*n - 14382. Calculate the remainder when 460 is divided by n.
1
Let z(c) = 12*c**2 - 22*c + 38. Calculate the remainder when z(2) is divided by 26.
16
Let i be 15/45*-1*39. Let k(l) = -l + 14. Let o = 17 - 3. Calculate the remainder when k(i) is divided by o.
13
Suppose 0 = 5*a + 6*a - 121. What is the remainder when 16 is divided by a?
5
Suppose -2*z = 15*z - 391. What is the remainder when 68 is divided by z?
22
Suppose 6 = 3*x, -5*i + 3*i + x = -18. What is the remainder when i is divided by 5?
0
Suppose 5*o + w - 28 = -8, 3*w + 4 = o. Suppose -2*f - 174 = -o*f. Calculate the remainder when f is divided by 18.
15
Suppose 0 = 2*o + 6, -3*o = 5*d - 2*o - 17. Let b = 24 - 4. Suppose b*t = 15*t + 30. Calculate the remainder when t is divided by d.
2
Let p(z) = z**3 - 6*z**2 - 4*z + 36. Suppose 2*c = -d - 7 + 94, -42 = -c + d. What is the remainder when c is divided by p(6)?
7
Suppose -11 = -2*c + 95. Let q = c + -27. Let v = 3 + 6. What is the remainder when q is divided by v?
8
Let k(j) = 7*j**2 - 9*j + 20. What is the remainder when 47 is divided by k(2)?
17
Suppose 0 = q - 3 - 13. Let t = q - -53. Suppose 20 - 118 = -5*p + 4*o, 2*o - 32 = -2*p. Calculate the remainder when t is divided by p.
15
Suppose -5*n + 95 = 4*o, -o + 4*n + n + 55 = 0. Suppose 3*p - 2*a - 60 = p, 2*a = -p + 15. Let c = -17 + p. What is the remainder when o is divided by c?
6
Let t(w) = -w**2 + 4*w + 15. Let l be t(7). Suppose -4*f + 67 + 8 = 5*a, f + 75 = 5*a. What is the remainder when a is divided by -3*(26/l - -3)?
3
Let z be (-6)/(-8) - 255/(-12). Let f be (-26)/4 - (-6)/12. Let m = z + f. What is the remainder when 45 is divided by m?
13
Let v be (-2)/24*2 + (-50)/(-12). What is the remainder when (-896)/(-40) - 4 - v/10 is divided by 8?
2
Let d = -4 - 0. Let c be (2/d)/((-7)/(-84)). Let b(k) = 2*k**2 + 3*k - 12. What is the remainder when b(c) is divided by 15?
12
Suppose -2*v + 315 = r, 3*v - 156 = 2*v + r. Calculate the remainder when v is divided by 65.
27
Let n(q) = 18*q - 93. Calculate the remainder when 137 is divided by n(9).
68
Let r be 2 + -1 + (-1 + 0 - -3). Calculate the remainder when 20/(r/(-12)*-2) is divided by 15.
10
Suppose -5*l - 4*r = -120 + 2, 0 = -4*l - 2*r + 92. What is the remainder when 97 is divided by l?
9
Let d(x) = x**3 + 14*x**2 + 32*x + 109. Suppose g = 31 + 69. What is the remainder when g is divided by d(-12)?
9
Let w(l) be the third derivative of l**4/6 + 6*l**3 + 12*l**2. Calculate the remainder when 18 is divided by w(-7).
2
Suppose 2*v = -3*v + 25. Suppose -2*z - 2*m + 4 = 0, -2*z + 3*m + 29 = v. Suppose -z*l + 2*l = -76. Calculate the remainder when 36 is divided by l.
17
Let b = 13 + 581. Calculate the remainder when b is divided by 17.
16
Suppose a - i - 6 - 4 = 0, 0 = 2*a - 3*i - 19. Let r(k) = 3 - 4 - k + 8. What is the remainder when a is divided by r(0)?
4
Let n = -3 - -6. Suppose -3*l = 4*j + n + 2, -3*j = 5*l - 10. Suppose 5*d = 5*h + 55, -d + 5*h + l = -2. What is the remainder when 46 is divided by d?
10
Let c be 106/9 + (-14)/(-63). Let x be 8*(1 - (-3)/c). Let m = -6 + x. Calculate the remainder when 15 is divided by m.
3
Let q(p) = -22*p**2 - 20. Let y be q(4). Calculate the remainder when ((21/(-12))/(-7))/((-3)/y) is divided by 8.
7
Let c = 136 - 129. Let f be (-79)/(-2) + (-3)/2. Suppose 0 = x - p - 10 - 3, 5*x + 4*p - f = 0. What is the remainder when x is divided by c?
3
Suppose -4 = -3*p - 3*u + 11, p = 5*u + 17. Calculate the remainder when 8 is divided by p.
1
Let o(k) = -2*k - 17. Let g be o(-8). Calculate the remainder when 27 is divided by -6 - -11 - 0/g.
2
Suppose 2*p + 60 = 3*f - 3, 2*f = -3*p + 29. Suppose 0 = 6*c - 380 + 56. Calculate the remainder when c is divided by f.
16
Suppose -4456 = -31*p + 3821. What is the remainder when p is divided by 47?
32
Suppose -11*f = -12 - 32. Suppose 78 = z + 3*z - 5*g, -4*z = f*g - 60. Suppose 66 + 94 = 5*t. What is the remainder when t is divided by z?
15
Suppose -5*f + 24 = s - 22, 4*f - 105 = -3*s. What is the remainder when 270 is divided by s?
22
Let s(p) = p**3 + 53. Calculate the remainder when 157 is divided by s(0).
51
Suppose -26 = 10*z + 3*z. What is the remainder when 3 is divided by 2*(z/7 - (-75)/42)?
0
Let q(u) = -3*u - 8. Suppose -23*m = 48*m - 2627. Calculate the remainder when m is divided by q(-6).
7
Suppose 14*s - 478 = -142. What is the remainder when 42 is divided by s?
18
Let m = -14 - -11. What is the remainder when 4 is divided by (m - -1)*(12 - 14)?
0
Let m(r) = -49*r**3 + r**2 + 3*r + 2. Let j = 30 - 59. Let f = j - -54. What is the remainder when m(-1) is divided by f?
24
Let s(d) = -2*d**3 - 8*d**2 - 8*d - 7. Let j = -258 - -279. What is the remainder when s(-5) is divided by j?
20
Let s = 65 + -62. Suppose -5*y = -q + 215 - 53, 5*q - s*y - 854 = 0. What is the remainder when q is divided by 58?
56
Let o = 57 + -57. Suppose 0 = 2*h - 3*i - o*i - 23, 6 = -h + 5*i. What is the remainder when 70 is divided by h?
13
Let z(f) = -f**3 - 14*f**2 + 16*f + 17. Let w be z(-15). Suppose -w*n = -4*m + 92, 0*m - 3*m - 3*n + 51 = 0. Calculate the remainder when m is divided by 6.
3
Let v = -72 - -165. Suppose 2*w - 53 - v = 0. Let f = -11 + w. Calculate the remainder when f is divided by 16.
14
Let z be ((-130)/(1 + 4))/(-2). Suppose -4*d = 4*h - 40, z = -3*h + 3*d + 55. Let b = -31 + 66. What is the remainder when b is divided by h?
11
Let t = -414 - -441. Calculate the remainder when 72 is divided by t.
18
Suppose -187 = 7*j - 474. Calculate the remainder when j is divided by (-63)/(-6) - (-1)/2.
8
What is the remainder when 29 - 10*8/20 is divided by 9?
7
Let x = -144 + 149. Let f(q) = 7*q**2 - 12*q + 8. Calculate the remainder when f(x) is divided by 14.
11
Suppose -2*f - 334 = -4*u - 68, 1 = -u. Suppose -4*c - 3*m = -293 + 78, -m = c - 54. What is the remainder when c is divided by f/(-10) + (-1)/(-2)?
11
Suppose -5*a + 24 = a. Suppose a*f - 3*m - 204 = 0, 0*f = -5*f - 4*m + 286. What is the remainder when 157 is divided by f?
49
Suppose -t - 3*w + 22 = 0, w - 31 = -5*t + 37. Calculate the remainder when 98 is divided by t.
7
Suppose 3*h - 35 = -l, 2*h + 2*h = -5*l + 131. Let d be 7/21*(18 + 3). Let t(m) = 3*m**2 - 14*m - 4. What is the remainder when t(d) is divided by l?
22
Let w = -833 + 861. What is the remainder when 139 is divided by w?
27
Let w = 178 - 345. Calculate the remainder when 41 is divided by w/(-15) + (-4)/30.
8
Suppose 76 = 2*u - 894. Suppose 6*i - u = -65. What is the remainder when i is divided by 26?
18
Suppose 4*h = -2*t + 988, 4*t - 1042 = -3*h - 311. Suppos